ands digit of 1215213?
5
What is the units digit of 174767?
7
What is the ten thousands digit of 60012?
6
What is the thousands digit of 422231?
2
What is the hundreds digit of 303497?
4
What is the millions digit of 10570209?
0
What is the hundreds digit of 636597?
5
What is the thousands digit of 29490647?
0
What is the thousands digit of 527997?
7
What is the hundreds digit of 1394835?
8
What is the units digit of 255872?
2
What is the thousands digit of 62766?
2
What is the thousands digit of 2393093?
3
What is the ten thousands digit of 51411?
5
What is the thousands digit of 54988?
4
What is the thousands digit of 3334670?
4
What is the hundred thousands digit of 985420?
9
What is the ten thousands digit of 8760421?
6
What is the tens digit of 2716051?
5
What is the tens digit of 912259?
5
What is the hundred thousands digit of 7812986?
8
What is the thousands digit of 45051?
5
What is the thousands digit of 704917?
4
What is the hundred thousands digit of 389798?
3
What is the ten thousands digit of 67317?
6
What is the tens digit of 577497?
9
What is the units digit of 2371207?
7
What is the thousands digit of 20639?
0
What is the ten thousands digit of 1451036?
5
What is the thousands digit of 248504?
8
What is the units digit of 378948?
8
What is the hundreds digit of 230118?
1
What is the tens digit of 15367259?
5
What is the hundreds digit of 6993473?
4
What is the thousands digit of 17596289?
6
What is the ten thousands digit of 125118?
2
What is the ten thousands digit of 1843352?
4
What is the tens digit of 290533?
3
What is the units digit of 1363158?
8
What is the hundred thousands digit of 5531744?
5
What is the millions digit of 1806774?
1
What is the millions digit of 6679631?
6
What is the tens digit of 847484?
8
What is the hundreds digit of 160363?
3
What is the thousands digit of 102041?
2
What is the millions digit of 9713340?
9
What is the tens digit of 646275?
7
What is the hundreds digit of 3620149?
1
What is the hundreds digit of 4517829?
8
What is the hundreds digit of 1406433?
4
What is the ten thousands digit of 16867345?
6
What is the ten thousands digit of 4497125?
9
What is the hundred thousands digit of 325105?
3
What is the ten millions digit of 26875337?
2
What is the units digit of 2302921?
1
What is the hundreds digit of 60850?
8
What is the millions digit of 27111094?
7
What is the millions digit of 1194445?
1
What is the hundreds digit of 524976?
9
What is the hundred thousands digit of 975909?
9
What is the hundred thousands digit of 3239262?
2
What is the units digit of 1037827?
7
What is the units digit of 34280?
0
What is the thousands digit of 496212?
6
What is the thousands digit of 1130756?
0
What is the thousands digit of 218119?
8
What is the hundreds digit of 1706448?
4
What is the tens digit of 1157590?
9
What is the units digit of 6930674?
4
What is the ten thousands digit of 437985?
3
What is the thousands digit of 18808700?
8
What is the ten thousands digit of 14154075?
5
What is the tens digit of 8788474?
7
What is the thousands digit of 244007?
4
What is the millions digit of 4193134?
4
What is the hundred thousands digit of 1874756?
8
What is the tens digit of 978357?
5
What is the hundreds digit of 326595?
5
What is the millions digit of 1031032?
1
What is the units digit of 26922594?
4
What is the millions digit of 6325520?
6
What is the hundred thousands digit of 171455?
1
What is the units digit of 199078?
8
What is the millions digit of 2386508?
2
What is the hundred thousands digit of 6844091?
8
What is the tens digit of 17245942?
4
What is the ten thousands digit of 18728045?
2
What is the thousands digit of 3105576?
5
What is the ten thousands digit of 1074632?
7
What is the tens digit of 11328203?
0
What is the ten thousands digit of 8310814?
1
What is the millions digit of 2320856?
2
What is the thousands digit of 100751?
0
What is the tens digit of 604002?
0
What is the tens digit of 37410?
1
What is the millions digit of 6859828?
6
What is the thousands digit of 3005801?
5
What is the ten thousands digit of 1533578?
3
What is the thousands digit of 615974?
5
What is the hundreds digit of 3021385?
3
What is the thousands digit of 29459186?
9
What is the ten thousands digit of 371152?
7
What is the units digit of 369208?
8
What is the millions digit of 3076787?
3
What is the thousands digit of 316875?
6
What is the hundreds digit of 114849?
8
What is the hundred thousands digit of 489989?
4
What is the ten thousands digit of 8354193?
5
What is the hundreds digit of 157565?
5
What is the ten thousands digit of 2055393?
5
What is the thousands digit of 345118?
5
What is the thousands digit of 2081195?
1
What is the hundreds digit of 1984010?
0
What is the ten thousands digit of 4570075?
7
What is the units digit of 3622080?
0
What is the hundred thousands digit of 174953?
1
What is the units digit of 441100?
0
What is the hundreds digit of 851324?
3
What is the hundred thousands digit of 16688670?
6
What is the thousands digit of 448193?
8
What is the tens digit of 16407535?
3
What is the tens digit of 159254?
5
What is the thousands digit of 2077660?
7
What is the thousands digit of 11480?
1
What is the hundreds digit of 2836659?
6
What is the tens digit of 1361314?
1
What is the ten thousands digit of 281310?
8
What is the tens digit of 5625790?
9
What is the tens digit of 1864703?
0
What is the hundreds digit of 318116?
1
What is the tens digit of 127335?
3
What is the tens digit of 3447982?
8
What is the thousands digit of 18909922?
9
What is the hundred thousands digit of 1064140?
0
What is the hundred thousands digit of 1782260?
7
What is the tens digit of 14241523?
2
What is the ten thousands digit of 6916848?
1
What is the ten thousands digit of 2021898?
2
What is the thousands digit of 1420203?
0
What is the thousands digit of 3623518?
3
What is the hundreds digit of 158616?
6
What is the thousands digit of 2636383?
6
What is the thousands digit of 78309?
8
What is the tens digit of 20523491?
9
What is the units digit of 560190?
0
What is the hundreds digit of 2769351?
3
What is the tens digit of 93277?
7
What is the hundred thousands digit of 18057032?
0
What is the hundreds digit of 311720?
7
What is the ten thousands digit of 597228?
9
What is the ten thousands digit of 190301?
9
What is the ten thousands digit of 2435517?
3
What is the millions digit of 15410234?
5
What is the hundreds digit of 1455883?
8
What is the hundreds digit of 220910?
9
What is the ten thousands digit of 1025011?
2
What is the thousands digit of 29102836?
2
What is the units digit of 997958?
8
What is the thousands digit of 4765433?
5
What is the hundred thousands digit of 105275?
1
What is the thousands digit of 734864?
4
What is the tens digit of 153813?
1
What is the units digit of 409719?
9
What is the tens digit of 18648?
4
What is the hundreds digit of 2611064?
0
What is the tens digit of 5832124?
2
What is the units digit of 795040?
0
What is the ten thousands digit of 55516?
5
What is the hundreds digit of 13933710?
7
What is the ten thousands digit of 13322010?
2
What is the units digit of 2440814?
4
What is the hundred thousands digit of 369010?
3
What is the thousands digit of 5026819?
6
What is the tens digit of 8178838?
3
What is the tens digit of 783063?
6
What is the hundred thousands digit of 111749?
1
What is the tens digit of 2137537?
3
What is the tens digit of 39812301?
0
What is the hundred thousands digit of 232390?
2
What is the ten thousands digit of 223773?
2
What is the tens digit of 7101027?
2
What is the hundreds digit of 245706?
7
What is the tens digit of 1207112?
1
What is the hundreds digit of 203597?
5
What is the thousands digit of 195896?
5
What is the millions digit of 4933795?
4
What is the ten thousands digit of 124043?
2
What is the thousands digit of 3422088?
2
What is the ten thousands digit of 2829002?
2
What is the thousands digit of 28638?
8
What is the millions digit of 4029054?
4
What is the ten thousands digit of 284592?
8
What is the thousands digit of 3607003?
7
What is the tens digit of 175020?
2
What is the millions digit of 29148676?
9
What is the ten thousands digit of 60250?
6
What is the millions digit of 6383315?
6
What is the hun